3*g - 2*g**3. Calculate n(-1).
6
Let r(l) = -l**2 + 3*l - 8. Let v(o) = o**3 - 35*o**2 - 32*o - 137. Let k be v(36). What is r(k)?
-36
Let o(c) = 104*c - c**2 + 104*c - 204*c + 7. Determine o(5).
2
Let m(j) = 3*j + 6. Let s be m(-4). Let u(o) be the third derivative of -1/60*o**5 + 0*o + 12*o**2 + 0 - 5/24*o**4 - 1/3*o**3. Calculate u(s).
-8
Suppose -4*r + 52 = -2*y, -66 = -7*r + 3*r - 5*y. Let z(a) = 4 + 3 + 6*a**2 - r - 3*a - a**3. What is z(5)?
3
Let z be (18/(-81)*-9)/(2 + 0). Suppose 0 = -3*y + 3*b + 18, 3*b - z = -13. Let w(m) = 7*m - 3. Give w(y).
11
Let b(u) be the first derivative of u**4/4 - 5*u**3/3 + 3*u**2/2 + 3*u + 452. Calculate b(4).
-1
Let l(j) be the first derivative of -j**2/2 + 3*j + 137. Determine l(8).
-5
Suppose o = -z + 8, -2*z + 4*o = 2*o. Let x(j) = 550 - j - 207 - 338. What is x(z)?
1
Suppose 0 = -3*w + 4*w - 14. Let q = w + -9. Let z(g) = -g**2 + 6*g - 3. Give z(q).
2
Let j(k) = -k**3 - k**2 + 1. Let f be j(-1). Let b(s) = f - 367*s + 371*s - 2 + 2*s**2. Give b(-3).
5
Let p(u) = 7*u**3 - 12*u**2 + 15*u + 5. Let n(d) = 10*d**3 - 18*d**2 + 22*d + 7. Let x = -5 - -10. Let b = -270 + 263. Let q(g) = b*p(g) + x*n(g). What is q(4)?
-12
Let v be (1 + 33/6)*-2. Let g = 20 + v. Let i(n) = 3*n**2 - 2 - g*n + n**3 + 0*n**3 + 9*n. Calculate i(-2).
-2
Let p(s) = -2*s**2 + 24 - 142*s + 7 + 77*s. Determine p(-33).
-2
Let n(o) = -6*o**2 - 4*o + 3. Suppose -14 = -2*u - 2*i - 6, -4*i = -4*u. Give n(u).
-29
Let x(b) = -6*b**3 + 41*b**2 + 5*b - 16. Let j(c) be the first derivative of -c**4/4 + 8*c**3/3 + c**2/2 - 3*c - 25. Let y(h) = 11*j(h) - 2*x(h). Give y(-5).
19
Let q(m) = -2*m**2 + 37*m - 26. Let j be q(19). Suppose -3 = 5*u - 4*u. Let t be (u/(-2))/(j/(-30)). Let h(n) = -6*n. Give h(t).
-6
Let y(s) = 3*s + 10. Let i be y(-4). Let q(v) = -2*v - 3. Calculate q(i).
1
Let r(f) = 8*f + 1. Let b be 26 + -25 - (-1)/((-2)/(-8)). Suppose 15 = -b*z - 2*v, -2*z - 5*v = 17 + 10. Give r(z).
-7
Let p(s) = -s - 2 - 1 - 2*s**3 + s**3 + 12 - 6. Let v(h) = h**3 - 3*h**2 + h + 2. Let w be v(2). Give p(w).
3
Let j(p) = -3*p + 1. Let l(g) = 42*g - 12. Let t(v) = -27*j(v) - 2*l(v). Suppose 5*o - 20 = 5*n, n - 2*o + 6 + 0 = 0. Determine t(n).
3
Let l(c) be the third derivative of -c**6/120 - c**5/6 + c**4/2 - 3*c**3/2 + 335*c**2. Give l(-11).
-20
Let g(j) = 0 + 1 - 6*j**2 + 0*j**2 + j + j**2. Let m(v) = -v**2 + v - 2. Let n be m(0). Let x be (-28)/20 + n/(-5). Calculate g(x).
-5
Suppose 4*x + 3*t + 2*t = 133, 4*t + 34 = 2*x. Suppose x*f = 19*f + 16. Let c(z) = 3*z**2 - 5 + 4 + z - 3*z. Determine c(f).
7
Let b(d) be the second derivative of d**5/20 - d**4/4 - 2*d**3/3 + 3*d**2 + d. Let l = -21 + 25. Give b(l).
6
Let p(v) = -v**3 + 3*v**2 + 3*v + 1. Let n be p(4). Let a = 9 + n. Let u(s) = 17*s - 5*s - s**2 - 3*s - 2*s - 4. Calculate u(a).
2
Let b(q) = 3*q. Let t(f) = -f**2 + 9*f - 7. Let g be t(8). Suppose -5*w - g = -6, 0 = -5*l + 2*w - 22. Give b(l).
-12
Let f(m) = -m + 8. Let j(w) = -8*w + 2. Let k(z) = z. Let a(q) = -j(q) - 4*k(q). Let l be a(8). Suppose -6*h + h = -l. Determine f(h).
2
Suppose -z - 3*t = -6, -3*t = -3*z - 5*t + 4. Let a(n) be the second derivative of 0 + 5/6*n**3 + z*n**2 + 7*n. Give a(-2).
-10
Let a be -3*-7*3/9. Let m = 9 - a. Suppose 0 = m*q - q - 3. Let l(u) = -u + 7. What is l(q)?
4
Let h(q) = q**2 + 5*q - 32. Let i be h(-9). Let u(t) = 112 + i*t - 115 + 0*t**2 + t**2 - t**3. Suppose w - 6 = -4*x, 2*w + 0*x = 3*x + 1. What is u(w)?
1
Let g(l) = 8*l**2 - 1 + 7 - 2*l - 5*l - 7*l**2. Determine g(6).
0
Let g(i) = -i - 5*i + 6*i + 5 - 3 - 5*i. What is g(6)?
-28
Let y(o) be the third derivative of -o**5/60 - o**4/24 + 17*o**3/6 - 222*o**2. Determine y(-6).
-13
Let t(v) = 2*v + v + 2*v - 4*v + 1. Let f(z) = z**2 + 4*z. Let o be f(-4). What is t(o)?
1
Let r(y) be the first derivative of y**4/4 - 8*y**3/3 - 4*y**2 - 12*y + 99. What is r(9)?
-3
Let x(a) = -a. Let w = 10 - 9. Give x(w).
-1
Suppose -p + 9 = -4. Let l = p + -11. Suppose 0 = 5*f + 6*n - l*n + 25, -2*n - 9 = -f. Let j(i) = 4*i. Determine j(f).
-4
Let s(p) = -2*p**3 - 13*p**2 - 7*p - 5. Suppose 0 = 219*t - 226*t - 42. Determine s(t).
1
Let a(o) = o - 3. Let l(v) = 9*v - 9. Let w(y) = 8*y - 9. Let d(f) = -2*l(f) + 3*w(f). Let k be d(2). Give a(k).
0
Let y(g) = g**3 + 13*g**2 - 14*g - 7. Suppose 18*w + 250 + 2 = 0. Calculate y(w).
-7
Suppose 2*g + 2 = -10. Let x be (1 - g/(-3))*-2. Let m(p) be the first derivative of p**3/3 - 3*p**2/2 + 3*p + 2. Calculate m(x).
1
Let d(l) = -l**2 - 6*l + 5. Let c(i) = -25*i + 18. Let k be c(1). Give d(k).
-2
Let d(t) be the first derivative of -8*t - 2*t**3 - 1/4*t**4 + 4 - 3/2*t**2. What is d(-6)?
10
Let n = 28 + -32. Let b = n - -11. Let z(q) = q**3 - 8*q**2 + 8*q - 1. What is z(b)?
6
Let p(x) be the third derivative of -x**6/120 - x**5/6 - 19*x**4/24 - 3*x**3 - 4*x**2. Let w be p(-8). Let s(k) = k**3 - 7*k**2 + 9*k - 2. Calculate s(w).
16
Let g(n) be the first derivative of -n**4/4 - 7*n**3/3 - 3*n - 13. What is g(-7)?
-3
Let m(u) = u**3 - 5*u**2 - 6*u + 6. Suppose -29 = 4*z - h - 7, -3*z - 13 = h. Let k be (12/z)/((-6)/(-10) + -1). Give m(k).
6
Let i(p) = p**2 - 4*p + 4. Let b be i(-5). Let r = b + -44. Let c(s) = -s**2 + 7*s - 7. Determine c(r).
3
Let r(s) = 2*s. Let k(i) = -3*i - 1. Let c(p) = 3*k(p) + 5*r(p). Let v be 5*-3*2/(-6). Let w = v + -1. Calculate c(w).
1
Let b(w) = w - 1. Let s = -54 + 38. Let a(k) = -k**3 + 2*k**2 + 21. Let m be a(0). Let q = m + s. What is b(q)?
4
Let n(q) = 3*q - 3. Suppose -2*s = s - 2*t + 3, 2*s + 3*t = -15. Let u(a) = -2*a + 4. Let k(m) = s*n(m) - 4*u(m). What is k(-5)?
-2
Suppose 23*z - 86*z = -882. Let q(l) = -l**3 + 11*l**2 + 41*l + 6. What is q(z)?
-8
Let c(z) = 2*z**2 - 23*z - 4. Let s be (42/(-56))/(1 + (-18)/16). Let l(h) = -3 + 5 - h**2 + 12*h + 0*h**2. Let i(f) = s*c(f) + 11*l(f). Calculate i(7).
5
Let u be (-3 - -9)*(-75)/(-6). Let d = u + -79. Let q(c) = -3*c - 2. Determine q(d).
10
Let g(s) = 13*s**2 - 2 + 48*s - 46*s + 3 - 14*s**2 - 3. What is g(4)?
-10
Let l be (1/(-3))/((-2)/(-12)). Let m be -9*(3 + l)*2. Let r be 2/9 - 104/m. Let w(c) = -c - 5. Calculate w(r).
-11
Let p(w) = w**3 - 4*w**2 - 6*w + 6. Let g(d) = d**3 - 3*d**2 - 6*d + 7. Let t(k) = 3*g(k) - 4*p(k). Give t(8).
-19
Let t = -26 - -46. Let q = t - 14. Let i(m) = 0*m - 2*m - 2*m + 2*m + 7. What is i(q)?
-5
Let a = -897 - -900. Let x(f) = f**2 - 4*f - 3. Determine x(a).
-6
Let k(x) = x - 5. Let q = 50 + -48. Suppose 2*l = -q*l + 12. Calculate k(l).
-2
Let n(q) = -q. Let a be n(-5). Let v(l) = l**3 - 6*l**2 + 5*l - 6. Determine v(a).
-6
Let y(t) = -2 + t + 0*t - 4*t + 5*t - 7. What is y(9)?
9
Let w(v) = 8*v - 42. Let s(q) = 10*q - 43. Let j(z) = -3*s(z) + 4*w(z). Calculate j(22).
5
Suppose 3*h - 5*m + 0 = -11, m = -5*h + 19. Suppose -4*n + 0*n - 16 = 4*o, -h*o - 6 = 2*n. Let y(d) = d**3 + 6*d**2 + d + 6. Calculate y(n).
0
Let r(k) = -24*k**3 - k. Suppose 0 = 4*n + p - 0*p - 3, 2*n = -2*p. Determine r(n).
-25
Let k(v) = v + 9. Suppose 4*f = 3*f - 10. Let j be f/(-20)*-2*1. Let p be 6/18 - j/(-3). Give k(p).
9
Let r(g) be the first derivative of g**3/3 + g**2/2 + 3*g - 751. Calculate r(-6).
33
Let g(x) = -3*x - 4. Suppose -3*w = -31 + 43. What is g(w)?
8
Suppose -3*j - 7 = 4*p - 2*j, -15 = 3*p + 4*j. Let k(r) = 79*r**3 - 12*r**2 - 6*r. Let a(i) = 16*i**3 - 2*i**2 - i. Let b(x) = 11*a(x) - 2*k(x). What is b(p)?
-17
Let y(x) = 2*x + 1. Let g be y(1). Suppose 5*q = -v - v + 22, 0 = g*q + 2*v - 10. Let p(f) = -f - 10. Let w(u) = -9. Let o(s) = 3*p(s) - 4*w(s). Determine o(q).
-12
Let i(g) = g**2 + 2*g + 1. Let o = 21 - 21. Suppose 3*b - 13 = 2*b + 2*k, o = -3*b + k + 34. Let s(v) = -2*v + 19. Let d be s(b). What is i(d)?
4
Let d(n) be the third derivative of n**4/8 + 5*n**3/2 - 8*n**2 - 4*n. Determine d(-6).
-3
Let y(p) = p**2 + 4*p + 6. Suppose -10*d - 4 = -12*d. Suppose -3*j = d*j + 30. Give y(j).
18
Let i be ((-2)/(-6))/((-2)/(-90)) - 2. Let b(g) = -g**2 + 15*g - 2. Give b(i).
24
Let p(z) = -11*z**2 - 12*z + 20. Let b(x) = -5*x**2 - 5*x + 9. Let k(s) = 7*b(s) - 3*p(s). Calculate k(2).
-3
Let w(t) be the first derivative of -t**4/4 - 7*t**3/3 + t**2/2 + 4*t - 2. Suppose 3*i - 17 = -38. Calculate w(i).
-3
Let y(n) be the third derivative of -n**4/24 + 11*n**3/3 + 2*n**2 + 292*n. Determine y(11).
11
Suppose 11*x - 52 = 9*x. Let g = x